t common divisor of m and 195?
39
Let i = 10 + -6. Suppose a = -i*n + 84, n - 5*a = -6 + 27. What is the greatest common divisor of 7 and n?
7
Let d be ((-12)/(-9))/((-12)/(-54)). What is the highest common factor of 18 and d?
6
Let t(a) = -14*a. Let k be t(-2). What is the greatest common factor of 70 and k?
14
Let r be (53 + (-2)/1)*3. Suppose -r = -4*w + 127. Calculate the greatest common divisor of 28 and w.
14
Suppose 5*c - 3*t - 44 = 0, 5*t - 15 = -2*c + 15. Suppose 5*q + c - 30 = 0, z = 2*q + 57. Calculate the greatest common factor of z and 13.
13
Let v(c) = 4*c + 16. Let y be v(0). What is the greatest common divisor of y and 24?
8
Suppose -2*i = -6 - 4. Let x be (i + -4)/(2/10). Suppose -m - m - 12 = -4*s, m - x*s = -18. Calculate the highest common divisor of 22 and m.
2
Let p be 475/(-50)*(-5 - -1). Calculate the greatest common factor of 57 and p.
19
Let a be ((-12)/(-10))/((-10)/(-25)). Let m be 145/4 - a/12. What is the greatest common divisor of m and 12?
12
Let x(n) = -n**2 + 10*n. Let z be x(8). What is the greatest common factor of z and 24?
8
Let p(a) = -a**3 + a**2 - a + 11. Suppose -3*i = -0*i. Let r be p(i). Calculate the greatest common factor of r and 66.
11
Suppose 4*d - 2*m = 60, -5*m = -d + 15 - 0. Calculate the greatest common divisor of d and 120.
15
Suppose 2*t = r + 16, 0 = -r + 3 - 7. Let z be 60/9*9/t. Calculate the greatest common factor of z and 1.
1
Let t(u) = -u. Let x(s) = -58*s + 2. Let c(g) = -8*t(g) + x(g). Let w be c(-1). Calculate the greatest common factor of w and 13.
13
Suppose 0 = 5*u, 5*u + 4 = -2*l - 4. Let a = -2 - l. Calculate the highest common factor of 8 and a.
2
Suppose 5*j = 5 + 5. Suppose -3*g + 0 = 27. Let v = g + 15. Calculate the highest common divisor of j and v.
2
Suppose 5*o = -4*d + 127, d = 5*o - 0*d - 137. Let l = 51 - o. Calculate the greatest common divisor of 12 and l.
12
Let l be (-213)/(-7) + 9/(-21). Suppose -250 + l = -4*r. What is the highest common divisor of 22 and r?
11
Let j(a) = -a**2 - 5*a + 4. Let k be j(-6). Let l(g) = -12*g**3 - 2*g - 1. Let t be l(k). What is the greatest common factor of 11 and t?
11
Suppose -66 = -4*x + 46. Let g = 39 - x. Let b(c) = -3*c**3 + 5*c**2 + 3*c + 4. Let y be b(-3). Calculate the highest common divisor of y and g.
11
Let u(h) = -25*h**3 + 4*h**2 + h - 1. Let q be u(-1). Suppose -414 - 342 = -4*k. What is the highest common divisor of q and k?
27
Let n(j) = j**2 - 8*j - 6. Let k be n(9). What is the greatest common factor of 33 and k?
3
Suppose 2*m = -3*m + 280. Suppose 0 = g + 4*z - 24, -4*g + 2*g = 4*z - m. What is the greatest common divisor of g and 8?
8
Let n = 57 - 46. Calculate the greatest common factor of 88 and n.
11
Let r(z) = z**3 - 6*z**2 + 12*z + 1. Let u be r(9). Calculate the greatest common divisor of 32 and u.
32
Let x = -7 - -10. Let c be (-17)/(-5) + 6/(-15). Suppose x*b = 2*d - 23, 0*b + c*b = -4*d + 37. What is the highest common factor of d and 25?
5
Suppose 17 - 48 = -3*h + 5*n, h + n - 13 = 0. Calculate the greatest common divisor of 20 and h.
4
Suppose -28 = -i - i. Let n = 12 + -7. Suppose -1 = -3*v + c + 212, 5*v = -n*c + 335. What is the greatest common divisor of i and v?
14
Let t be (-8)/10*(-25)/10. Let x be 12/20 + 3/(-5). Suppose 4*v - t*v - 18 = x. Calculate the highest common divisor of 1 and v.
1
Let u = -22 + 64. What is the highest common divisor of 28 and u?
14
Suppose 5 = -2*g + 35. What is the greatest common factor of g and 120?
15
Let r(v) = 2*v**2 + 6*v - 5. Let o be r(-4). Let l(y) = -y**3 + 7*y**2 + 2*y + 4. Let j be l(7). What is the highest common divisor of o and j?
3
Suppose 5 = h - 2. Suppose -h = -5*l + 33. Let n be 2/(-6) - 7/(-3). Calculate the highest common factor of l and n.
2
Let q(b) = -b**2 + 17*b + 50. Let p be q(19). Calculate the greatest common factor of 3 and p.
3
Let x(f) = -f**3 + 5*f**2 + 3*f + 1. Let q be x(5). Let l(w) = -19*w - w - 4*w. Let i be l(-1). What is the greatest common divisor of i and q?
8
Let i be 8/6*1*3. Suppose i*h - 3 = 5. Calculate the highest common divisor of 6 and h.
2
Let l(n) = 7*n**3 - 5*n**2 + 9*n - 6. Let x be l(3). What is the greatest common factor of 66 and x?
33
Let m = -33 - -113. What is the greatest common factor of m and 40?
40
Suppose -2*y = -5*s + 350, -5*y = -0*s - 3*s + 210. Calculate the greatest common factor of s and 7.
7
Suppose -3*z - z - 3*s + 27 = 0, 0 = -4*z + 2*s + 2. Let n = 83 - 50. What is the highest common divisor of z and n?
3
Let v(n) = n**3 + 4*n**2 - 8*n - 8. Let i be v(-5). What is the greatest common divisor of i and 7?
7
Suppose 15 = -0*p + 3*p. Suppose k - p*f - 25 = -2*k, 3*f + 27 = 3*k. What is the highest common factor of k and 50?
10
Let f = -9 - -5. Let m = 5 + f. Let n be (-18)/(-1 - m) + 0. Calculate the highest common factor of n and 72.
9
Let g = 9 - 6. Let m = 8 - 2. Suppose z + m = p, 0 = p + p + g*z - 2. Calculate the highest common divisor of p and 8.
4
Let b = -16 - -25. Calculate the highest common factor of b and 36.
9
Let u = 98 + 89. Calculate the highest common divisor of 17 and u.
17
Suppose 2*v - v - 25 = 0. What is the highest common divisor of v and 25?
25
Let c = 76 - 48. What is the greatest common factor of c and 42?
14
Let z = 3 - 2. Let r(t) = -t**2 - 7*t - 4. Let g be r(-5). Let h be -24*(z + (-9)/g). Calculate the highest common divisor of 24 and h.
12
Let t = -36 - -50. What is the greatest common divisor of t and 154?
14
Let n be 1280/(-48)*3/(-1). Suppose 32 = 2*c - 8. Calculate the greatest common factor of n and c.
20
Let b(x) = 13*x**3 - x**2. Let f be b(1). Suppose -2*n = n - f. Suppose 0 = n*v + 3 - 7. Calculate the greatest common divisor of v and 7.
1
Suppose -3*r = l - 53, 6 = l + 1. Let x = -2 + 5. Suppose -x*c + 3*p + 13 = -2*c, 3*p + 77 = 5*c. Calculate the highest common divisor of r and c.
16
Suppose 5*t + w + 41 = 0, 2*w - 9 = t + 8. Let o be 8/(-6)*(0 + t). Let k be 7/21 + 53/3. What is the highest common factor of k and o?
6
Let x(r) = -1 + 21*r**3 + 25*r**3 - 5*r**3. Let c be x(1). What is the highest common factor of 10 and c?
10
Suppose 5*a + 4*m + 1 = 0, -a + 2*a + 2 = m. Let p = 0 + a. Let w = p - -13. What is the greatest common divisor of w and 6?
6
Let b(l) = -5*l**3. Let j be b(-1). Let k = 7 - j. Calculate the greatest common factor of k and 18.
2
Let q(c) = -c**3 + 4*c**2 + 7*c - 4. Let m be q(5). Suppose 16*g = 10*g + 180. What is the highest common divisor of m and g?
6
Let v = -6 - -11. What is the highest common divisor of 40 and v?
5
Let n(z) = -z + 11. Suppose -2*x - 10 = -0*x. Let m = x + 12. Let j be n(m). Calculate the greatest common divisor of j and 6.
2
Suppose 4*h - 35 = -5*p, 4*h - p - 7 = 2*h. Let o be 2/h + 272/20. What is the greatest common factor of o and 154?
14
Let h = -28 - -35. What is the highest common factor of h and 63?
7
Let n(g) = -g**3 - 11*g**2 - 10*g + 1. Let u be n(-10). Let p be (-2)/3*2*-3. Calculate the greatest common factor of p and u.
1
Let x(d) = -d**3 + 7*d**2 + 9*d + 3. Let q be x(8). Suppose 0*v + 6 = -3*v. Let t be ((-165)/12)/(v/8). What is the greatest common divisor of t and q?
11
Suppose -20 = 5*o - 10*o. Suppose 213 = o*v - 51. What is the greatest common factor of v and 22?
22
Let v(c) = -100*c - 1. Suppose 2*j - 5 = -2*i + 3*i, 0 = 4*j - 4*i - 16. Let a = j - 2. Let w be v(a). Calculate the highest common factor of 9 and w.
9
Suppose 0 = 5*t - 7*t + 80. Calculate the highest common factor of 360 and t.
40
Suppose q = 4*b - 9, -b - 4*q - 23 = -4*b. Let n be (b*68)/((-1)/(-2)). Calculate the greatest common factor of n and 17.
17
Suppose -2*y + 212 = 5*k + 2*y, 0 = -3*y + 9. Suppose 3*v - f = v + k, f - 107 = -5*v. Let z = 7 - -7. What is the highest common divisor of z and v?
7
Let y(l) = -l**3 - 2*l**2 + 1. Let g be y(-2). Suppose -3*x - x = -36. What is the greatest common factor of g and x?
1
Suppose -204 = -2*m + 36. Let n(k) = -k**2 + 13*k - 12. Let g be n(9). Calculate the highest common divisor of m and g.
24
Let s(o) = -14*o + 2. Let w be s(-3). Let c(y) = y**3 - 10*y**2 + 8*y + 8. Let n be c(9). Let k = 3 - n. What is the greatest common divisor of w and k?
4
Let n(g) = -g + 81. Let t be n(0). Suppose 3*y - 84 = t. What is the greatest common factor of y and 22?
11
Suppose -12*u =